{"id":1167,"date":"2017-11-21T15:55:53","date_gmt":"2017-11-21T14:55:53","guid":{"rendered":"https:\/\/youdig.fr\/boutique\/?page_id=1167"},"modified":"2021-06-22T14:56:26","modified_gmt":"2021-06-22T12:56:26","slug":"categories-greengate","status":"publish","type":"page","link":"https:\/\/youdig.fr\/boutique\/categories-greengate\/","title":{"rendered":"Cat\u00e9gories Greengate"},"content":{"rendered":"<div class=\"woocommerce columns-4\"><ul class=\"products\">\n<li class=\"product-category product first\">\n\t<a href=\"https:\/\/youdig.fr\/boutique\/categorie-produit\/categories\/assiettes\/\"><img src=\"https:\/\/youdig.fr\/boutique\/wp-content\/uploads\/2016\/08\/DSC_0700.jpg\" alt=\"Assiettes\" width=\"348\" height=\"445\" \/>\t\t<h3>\n\t\t\tAssiettes <mark class=\"count\">(5)<\/mark>\t\t<\/h3>\n\t\t<\/a><\/li>\n<li class=\"product-category product\">\n\t<a href=\"https:\/\/youdig.fr\/boutique\/categorie-produit\/categories\/bols\/\"><img src=\"https:\/\/youdig.fr\/boutique\/wp-content\/uploads\/2016\/09\/JUDY-RED-FRENCH-BOWL.jpg\" alt=\"Bols\" width=\"348\" height=\"445\" \/>\t\t<h3>\n\t\t\tBols <mark class=\"count\">(46)<\/mark>\t\t<\/h3>\n\t\t<\/a><\/li>\n<li class=\"product-category product\">\n\t<a href=\"https:\/\/youdig.fr\/boutique\/categorie-produit\/categories\/bols\/cereales\/\"><img src=\"https:\/\/youdig.fr\/boutique\/wp-content\/uploads\/2017\/11\/VICTORIA-CEREALES-BOWL-150x150.png\" alt=\"Bols \u00e0 c\u00e9r\u00e9ales\" width=\"348\" height=\"445\" \/>\t\t<h3>\n\t\t\tBols \u00e0 c\u00e9r\u00e9ales <mark class=\"count\">(24)<\/mark>\t\t<\/h3>\n\t\t<\/a><\/li>\n<li class=\"product-category product last\">\n\t<a href=\"https:\/\/youdig.fr\/boutique\/categorie-produit\/categories\/bols\/bols-a-soupe\/\"><img src=\"https:\/\/youdig.fr\/boutique\/wp-content\/uploads\/2016\/09\/AMANDA-DARK-BLUE-SOUP-BOWL.jpg\" alt=\"Bols \u00e0 soupe\" width=\"348\" height=\"445\" \/>\t\t<h3>\n\t\t\tBols \u00e0 soupe <mark class=\"count\">(11)<\/mark>\t\t<\/h3>\n\t\t<\/a><\/li>\n<li class=\"product-category product first\">\n\t<a href=\"https:\/\/youdig.fr\/boutique\/categorie-produit\/categories\/latte-cup\/\"><img src=\"https:\/\/youdig.fr\/boutique\/wp-content\/uploads\/2016\/08\/DSC_0705-300x300.jpg\" alt=\"Latte cup\" width=\"348\" height=\"445\" \/>\t\t<h3>\n\t\t\tLatte cup <mark class=\"count\">(27)<\/mark>\t\t<\/h3>\n\t\t<\/a><\/li>\n<li class=\"product-category product\">\n\t<a href=\"https:\/\/youdig.fr\/boutique\/categorie-produit\/nouveau\/\"><img src=\"https:\/\/youdig.fr\/boutique\/wp-content\/plugins\/woocommerce\/assets\/images\/placeholder.png\" alt=\"Nouvelle collection\" width=\"348\" height=\"445\" \/>\t\t<h3>\n\t\t\tNouvelle collection <mark class=\"count\">(24)<\/mark>\t\t<\/h3>\n\t\t<\/a><\/li>\n<li class=\"product-category product\">\n\t<a href=\"https:\/\/youdig.fr\/boutique\/categorie-produit\/categories\/pichets\/\"><img src=\"https:\/\/youdig.fr\/boutique\/wp-content\/uploads\/2016\/08\/sadie_blue_jug.jpg\" alt=\"Pichets\" width=\"348\" height=\"445\" \/>\t\t<h3>\n\t\t\tPichets <mark class=\"count\">(15)<\/mark>\t\t<\/h3>\n\t\t<\/a><\/li>\n<li class=\"product-category product last\">\n\t<a href=\"https:\/\/youdig.fr\/boutique\/categorie-produit\/categories\/tasses\/\"><img src=\"https:\/\/youdig.fr\/boutique\/wp-content\/uploads\/2016\/09\/SHIRLEY-LINEN-TASSE-A-THE.jpg\" alt=\"Tasses \u00e0 th\u00e9\" width=\"348\" height=\"445\" \/>\t\t<h3>\n\t\t\tTasses \u00e0 th\u00e9 <mark class=\"count\">(4)<\/mark>\t\t<\/h3>\n\t\t<\/a><\/li>\n<\/ul>\n<\/div>\n","protected":false},"excerpt":{"rendered":"","protected":false},"author":1,"featured_media":0,"parent":0,"menu_order":0,"comment_status":"closed","ping_status":"closed","template":"","meta":[],"_links":{"self":[{"href":"https:\/\/youdig.fr\/boutique\/wp-json\/wp\/v2\/pages\/1167"}],"collection":[{"href":"https:\/\/youdig.fr\/boutique\/wp-json\/wp\/v2\/pages"}],"about":[{"href":"https:\/\/youdig.fr\/boutique\/wp-json\/wp\/v2\/types\/page"}],"author":[{"embeddable":true,"href":"https:\/\/youdig.fr\/boutique\/wp-json\/wp\/v2\/users\/1"}],"replies":[{"embeddable":true,"href":"https:\/\/youdig.fr\/boutique\/wp-json\/wp\/v2\/comments?post=1167"}],"version-history":[{"count":11,"href":"https:\/\/youdig.fr\/boutique\/wp-json\/wp\/v2\/pages\/1167\/revisions"}],"predecessor-version":[{"id":1628,"href":"https:\/\/youdig.fr\/boutique\/wp-json\/wp\/v2\/pages\/1167\/revisions\/1628"}],"wp:attachment":[{"href":"https:\/\/youdig.fr\/boutique\/wp-json\/wp\/v2\/media?parent=1167"}],"curies":[{"name":"wp","href":"https:\/\/api.w.org\/{rel}","templated":true}]}}