{"id":248,"date":"2016-08-19T12:21:45","date_gmt":"2016-08-19T10:21:45","guid":{"rendered":"https:\/\/youdig.fr\/boutique\/?page_id=248"},"modified":"2016-08-19T12:21:45","modified_gmt":"2016-08-19T10:21:45","slug":"plan-du-site","status":"publish","type":"page","link":"https:\/\/youdig.fr\/boutique\/plan-du-site\/","title":{"rendered":"Plan du site"},"content":{"rendered":"<h2>Pages<\/h2><ul class=\"simple-sitemap-page\"><li class=\"page_item page-item-1237\"><a href=\"https:\/\/youdig.fr\/boutique\/adele-black\/\">Ad\u00e8le Black<\/a><\/li><li class=\"page_item page-item-1243\"><a href=\"https:\/\/youdig.fr\/boutique\/aurelia\/\">Aurelia<\/a><\/li><li class=\"page_item page-item-1105\"><a href=\"https:\/\/youdig.fr\/boutique\/bols-petit-modele-french-bowl\/\">Bols et Mugs Greengate \u00e0 9,00 \u20ac<\/a><\/li><li class=\"page_item page-item-4\"><a href=\"https:\/\/youdig.fr\/boutique\/boutique\/\">Boutique<\/a><\/li><li class=\"page_item page-item-1167 page_item_has_children\"><a href=\"https:\/\/youdig.fr\/boutique\/categories-greengate\/\">Cat\u00e9gories Greengate<\/a><ul class='children'><li class=\"page_item page-item-167\"><a href=\"https:\/\/youdig.fr\/boutique\/categories-greengate\/assiettes\/\">assiettes de Greengate<\/a><\/li><li class=\"page_item page-item-777\"><a href=\"https:\/\/youdig.fr\/boutique\/categories-greengate\/bols-a-cereales\/\">Bols \u00e0 c\u00e9r\u00e9ales de Greengate<\/a><\/li><li class=\"page_item page-item-165 page_item_has_children\"><a href=\"https:\/\/youdig.fr\/boutique\/categories-greengate\/bols-greengate-french-bowls\/\">bols de Greengate<\/a><ul class='children'><li class=\"page_item page-item-975\"><a href=\"https:\/\/youdig.fr\/boutique\/categories-greengate\/bols-greengate-french-bowls\/bols-a-soupe\/\">Bols \u00e0 soupe de Greengate<\/a><\/li><li class=\"page_item page-item-972\"><a href=\"https:\/\/youdig.fr\/boutique\/categories-greengate\/bols-greengate-french-bowls\/french-bowl\/\">French bowl de Greengate<\/a><\/li><\/ul><\/li><li class=\"page_item page-item-1234\"><a href=\"https:\/\/youdig.fr\/boutique\/categories-greengate\/coquetiers\/\">Coquetiers<\/a><\/li><li class=\"page_item page-item-186\"><a href=\"https:\/\/youdig.fr\/boutique\/categories-greengate\/idees-cadeau\/\">id\u00e9es cadeau<\/a><\/li><li class=\"page_item page-item-169\"><a href=\"https:\/\/youdig.fr\/boutique\/categories-greengate\/mugs\/\">mugs de Greengate<\/a><\/li><li class=\"page_item page-item-179\"><a href=\"https:\/\/youdig.fr\/boutique\/categories-greengate\/tasses\/\">tasses \u00e0 th\u00e9 de Greengate<\/a><\/li><\/ul><\/li><li class=\"page_item page-item-786 page_item_has_children\"><a href=\"https:\/\/youdig.fr\/boutique\/collections\/\">Collections Greengate<\/a><ul class='children'><li class=\"page_item page-item-988\"><a href=\"https:\/\/youdig.fr\/boutique\/collections\/collection-abelone\/\">Collection Abelone<\/a><\/li><li class=\"page_item page-item-1050\"><a href=\"https:\/\/youdig.fr\/boutique\/collections\/collection-alice-de-greengate\/\">Collection Alice de Greengate<\/a><\/li><li class=\"page_item page-item-800\"><a href=\"https:\/\/youdig.fr\/boutique\/collections\/amanda\/\">Collection Amanda de Greengate<\/a><\/li><li class=\"page_item page-item-805\"><a href=\"https:\/\/youdig.fr\/boutique\/collections\/audrey\/\">Collection Audrey de Greengate<\/a><\/li><li class=\"page_item page-item-803\"><a href=\"https:\/\/youdig.fr\/boutique\/collections\/betty-mint\/\">Collection Betty Mint de Greengate<\/a><\/li><li class=\"page_item page-item-859\"><a href=\"https:\/\/youdig.fr\/boutique\/collections\/bianca-warm\/\">Collection Bianca de Greengate<\/a><\/li><li class=\"page_item page-item-1060\"><a href=\"https:\/\/youdig.fr\/boutique\/collections\/collection-ditte-mint-de-greengate\/\">Collection Ditte Mint de Greengate<\/a><\/li><li class=\"page_item page-item-814\"><a href=\"https:\/\/youdig.fr\/boutique\/collections\/donna\/\">Collection Donna de Greengate<\/a><\/li><li class=\"page_item page-item-816\"><a href=\"https:\/\/youdig.fr\/boutique\/collections\/elsa\/\">Collection Elsa de Greengate<\/a><\/li><li class=\"page_item page-item-818\"><a href=\"https:\/\/youdig.fr\/boutique\/collections\/fleur\/\">Collection Fleur de Greengate<\/a><\/li><li class=\"page_item page-item-820\"><a href=\"https:\/\/youdig.fr\/boutique\/collections\/flora\/\">Collection Flora de Greengate<\/a><\/li><li class=\"page_item page-item-822\"><a href=\"https:\/\/youdig.fr\/boutique\/collections\/jasmina\/\">Collection Jasmina de Greengate<\/a><\/li><li class=\"page_item page-item-824\"><a href=\"https:\/\/youdig.fr\/boutique\/collections\/jill\/\">Collection Jill de Greengate<\/a><\/li><li class=\"page_item page-item-1063\"><a href=\"https:\/\/youdig.fr\/boutique\/collections\/collection-judy-de-greengate\/\">Collection Judy de Greengate<\/a><\/li><li class=\"page_item page-item-826\"><a href=\"https:\/\/youdig.fr\/boutique\/collections\/laurie\/\">Collection Laurie de Greengate<\/a><\/li><li class=\"page_item page-item-867\"><a href=\"https:\/\/youdig.fr\/boutique\/collections\/maria\/\">Collection Maria de Greengate<\/a><\/li><li class=\"page_item page-item-828\"><a href=\"https:\/\/youdig.fr\/boutique\/collections\/maria-2\/\">Collection Maria de Greengate<\/a><\/li><li class=\"page_item page-item-830\"><a href=\"https:\/\/youdig.fr\/boutique\/collections\/marie\/\">Collection Marie de Greengate<\/a><\/li><li class=\"page_item page-item-865\"><a href=\"https:\/\/youdig.fr\/boutique\/collections\/maude\/\">Collection Maude de Greengate<\/a><\/li><li class=\"page_item page-item-869\"><a href=\"https:\/\/youdig.fr\/boutique\/collections\/nora\/\">Collection Nora de Greengate<\/a><\/li><li class=\"page_item page-item-871\"><a href=\"https:\/\/youdig.fr\/boutique\/collections\/oona\/\">Collection Oona de Greengate<\/a><\/li><li class=\"page_item page-item-873\"><a href=\"https:\/\/youdig.fr\/boutique\/collections\/pale\/\">Collection Pale de Greengate<\/a><\/li><li class=\"page_item page-item-875\"><a href=\"https:\/\/youdig.fr\/boutique\/collections\/sadie\/\">Collection Sadie de Greengate<\/a><\/li><li class=\"page_item page-item-834\"><a href=\"https:\/\/youdig.fr\/boutique\/collections\/sasha\/\">Collection Sasha de Greengate<\/a><\/li><li class=\"page_item page-item-877\"><a href=\"https:\/\/youdig.fr\/boutique\/collections\/selma\/\">Collection Selma de Greengate<\/a><\/li><li class=\"page_item page-item-836\"><a href=\"https:\/\/youdig.fr\/boutique\/collections\/shirley\/\">Collection Shirley de Greengate<\/a><\/li><li class=\"page_item page-item-879\"><a href=\"https:\/\/youdig.fr\/boutique\/collections\/simone\/\">Collection Simone de Greengate<\/a><\/li><li class=\"page_item page-item-881\"><a href=\"https:\/\/youdig.fr\/boutique\/collections\/sophie\/\">Collection Sophie de Greengate<\/a><\/li><li class=\"page_item page-item-838\"><a href=\"https:\/\/youdig.fr\/boutique\/collections\/spot-2\/\">Collection Spot de Greengate<\/a><\/li><li class=\"page_item page-item-883\"><a href=\"https:\/\/youdig.fr\/boutique\/collections\/spot\/\">Collection Spot de Greengate<\/a><\/li><li class=\"page_item page-item-885\"><a href=\"https:\/\/youdig.fr\/boutique\/collections\/star\/\">Collection Star de Greengate<\/a><\/li><li class=\"page_item page-item-887\"><a href=\"https:\/\/youdig.fr\/boutique\/collections\/stephanie\/\">Collection St\u00e9phanie de Greengate<\/a><\/li><li class=\"page_item page-item-889\"><a href=\"https:\/\/youdig.fr\/boutique\/collections\/tammie\/\">Collection Tammie de Greengate<\/a><\/li><li class=\"page_item page-item-840\"><a href=\"https:\/\/youdig.fr\/boutique\/collections\/tammie-2\/\">Collection Tammie de Greengate<\/a><\/li><li class=\"page_item page-item-842\"><a href=\"https:\/\/youdig.fr\/boutique\/collections\/tess\/\">Collection Tess de Greengate<\/a><\/li><li class=\"page_item page-item-789\"><a href=\"https:\/\/youdig.fr\/boutique\/collections\/victoria\/\">Collection Victoria de Greengate<\/a><\/li><li class=\"page_item page-item-1057\"><a href=\"https:\/\/youdig.fr\/boutique\/collections\/collection-vilma-de-greengate\/\">Collection Vilma de Greengate<\/a><\/li><li class=\"page_item page-item-794\"><a href=\"https:\/\/youdig.fr\/boutique\/collections\/vita-sand\/\">Collection Vita Sand de Greengate<\/a><\/li><\/ul><\/li><li class=\"page_item page-item-6\"><a href=\"https:\/\/youdig.fr\/boutique\/commande\/\">Commande<\/a><\/li><li class=\"page_item page-item-133\"><a href=\"https:\/\/youdig.fr\/boutique\/cgv\/\">Conditions g\u00e9n\u00e9rales de vente<\/a><\/li><li class=\"page_item page-item-212\"><a href=\"https:\/\/youdig.fr\/boutique\/contact\/\">Contactez-nous<\/a><\/li><li class=\"page_item page-item-119\"><a href=\"https:\/\/youdig.fr\/boutique\/\">Greengate  boutique du Youdig<\/a><\/li><li class=\"page_item page-item-1527\"><a href=\"https:\/\/youdig.fr\/boutique\/nouvelle-collection\/\">Greengate nouvelle collection 2021<\/a><\/li><li class=\"page_item page-item-243\"><a href=\"https:\/\/youdig.fr\/boutique\/nous-situer\/\">la boutique \u00e0 Brennilis<\/a><\/li><li class=\"page_item page-item-1602\"><a href=\"https:\/\/youdig.fr\/boutique\/latte-cup\/\">Latte cup<\/a><\/li><li class=\"page_item page-item-210\"><a href=\"https:\/\/youdig.fr\/boutique\/mentions-legales\/\">Mentions l\u00e9gales<\/a><\/li><li class=\"page_item page-item-7\"><a href=\"https:\/\/youdig.fr\/boutique\/mon-compte\/\">Mon Compte<\/a><\/li><li class=\"page_item page-item-5\"><a href=\"https:\/\/youdig.fr\/boutique\/panier\/\">Panier<\/a><\/li><li class=\"page_item page-item-171\"><a href=\"https:\/\/youdig.fr\/boutique\/paniers\/\">paniers<\/a><\/li><li class=\"page_item page-item-1599\"><a href=\"https:\/\/youdig.fr\/boutique\/pichets-2\/\">Pichets<\/a><\/li><li class=\"page_item page-item-173\"><a href=\"https:\/\/youdig.fr\/boutique\/pichets\/\">pichets de Greengate<\/a><\/li><li class=\"page_item page-item-248\"><a href=\"https:\/\/youdig.fr\/boutique\/plan-du-site\/\">Plan du site<\/a><\/li><li class=\"page_item page-item-208\"><a href=\"https:\/\/youdig.fr\/boutique\/qui-sommes-nous\/\">Qui sommes nous?<\/a><\/li><li class=\"page_item page-item-1964\"><a href=\"https:\/\/youdig.fr\/boutique\/stages-radiesthesie\/\">Stages radiesth\u00e9sie<\/a><\/li><li class=\"page_item page-item-603\"><a href=\"https:\/\/youdig.fr\/boutique\/submissions\/\">Submissions<\/a><\/li><li class=\"page_item page-item-175\"><a href=\"https:\/\/youdig.fr\/boutique\/sucriers\/\">sucriers<\/a><\/li><\/ul>\n","protected":false},"excerpt":{"rendered":"","protected":false},"author":1,"featured_media":0,"parent":0,"menu_order":0,"comment_status":"closed","ping_status":"closed","template":"","meta":[],"_links":{"self":[{"href":"https:\/\/youdig.fr\/boutique\/wp-json\/wp\/v2\/pages\/248"}],"collection":[{"href":"https:\/\/youdig.fr\/boutique\/wp-json\/wp\/v2\/pages"}],"about":[{"href":"https:\/\/youdig.fr\/boutique\/wp-json\/wp\/v2\/types\/page"}],"author":[{"embeddable":true,"href":"https:\/\/youdig.fr\/boutique\/wp-json\/wp\/v2\/users\/1"}],"replies":[{"embeddable":true,"href":"https:\/\/youdig.fr\/boutique\/wp-json\/wp\/v2\/comments?post=248"}],"version-history":[{"count":1,"href":"https:\/\/youdig.fr\/boutique\/wp-json\/wp\/v2\/pages\/248\/revisions"}],"predecessor-version":[{"id":249,"href":"https:\/\/youdig.fr\/boutique\/wp-json\/wp\/v2\/pages\/248\/revisions\/249"}],"wp:attachment":[{"href":"https:\/\/youdig.fr\/boutique\/wp-json\/wp\/v2\/media?parent=248"}],"curies":[{"name":"wp","href":"https:\/\/api.w.org\/{rel}","templated":true}]}}