{"id":1178,"date":"2016-07-15T08:22:43","date_gmt":"2016-07-15T07:22:43","guid":{"rendered":"https:\/\/youdig.fr\/wdp\/?page_id=1178"},"modified":"2022-10-25T11:53:58","modified_gmt":"2022-10-25T10:53:58","slug":"museeboutique","status":"publish","type":"page","link":"https:\/\/youdig.fr\/wdp\/museeboutique\/","title":{"rendered":"Le mus\u00e9e et la boutique"},"content":{"rendered":"\n<figure class=\"wp-block-table alignleft\"><table><tbody><tr><td><a href=\"https:\/\/youdig.fr\/wdp\/museeboutique\/le-musee\/\"><img loading=\"lazy\" width=\"150\" height=\"150\" class=\"wp-image-4346\" style=\"width: 150px;\" src=\"https:\/\/youdig.fr\/wdp\/wp-content\/uploads\/2022\/10\/COIFFE-1.jpg\" alt=\"coiffe bretonne\" srcset=\"https:\/\/youdig.fr\/wdp\/wp-content\/uploads\/2022\/10\/COIFFE-1.jpg 150w, https:\/\/youdig.fr\/wdp\/wp-content\/uploads\/2022\/10\/COIFFE-1-90x90.jpg 90w, https:\/\/youdig.fr\/wdp\/wp-content\/uploads\/2022\/10\/COIFFE-1-75x75.jpg 75w\" sizes=\"(max-width: 150px) 100vw, 150px\" \/><\/a><\/td><td><a href=\"https:\/\/youdig.fr\/wdp\/museeboutique\/la-boutique\/\"><img loading=\"lazy\" width=\"150\" height=\"150\" class=\"wp-image-4386\" style=\"width: 150px;\" src=\"https:\/\/youdig.fr\/wdp\/wp-content\/uploads\/2022\/10\/la-boutique-du-youdig-1501.jpg\" alt=\"\" srcset=\"https:\/\/youdig.fr\/wdp\/wp-content\/uploads\/2022\/10\/la-boutique-du-youdig-1501.jpg 150w, https:\/\/youdig.fr\/wdp\/wp-content\/uploads\/2022\/10\/la-boutique-du-youdig-1501-90x90.jpg 90w, https:\/\/youdig.fr\/wdp\/wp-content\/uploads\/2022\/10\/la-boutique-du-youdig-1501-75x75.jpg 75w\" sizes=\"(max-width: 150px) 100vw, 150px\" \/><\/a><\/td><\/tr><\/tbody><\/table><figcaption><a href=\"https:\/\/youdig.fr\/wdp\/museeboutique\/le-musee\/\">L&rsquo;\u00e9tonnant mus\u00e9e<\/a> et l<a href=\"https:\/\/youdig.fr\/wdp\/museeboutique\/la-boutique\/\">a boutique<\/a><\/figcaption><\/figure>\n\n\n\n<p>Un vie, un chef d\u2019\u0153uvre : celui d\u2019Annick Le Lann et son village.<br>B\u00e2ti pierre \u00e0 pierre pendant des ann\u00e9es, il repr\u00e9sente les sc\u00e8nes de la vie du XVI\u00e8me si\u00e8cle dans cette Bretagne de l\u00e9gendes. De plus, de nombreux th\u00e8mes sous vitrine repr\u00e9sentent les objets de divers m\u00e9tiers des XIX\u00e8me et XX\u00e8me si\u00e8cle : unique et original!<br>Articles originaux en vente dans la boutique attenante.<\/p>\n\n\n\n<p><\/p>\n","protected":false},"excerpt":{"rendered":"<p>L&rsquo;\u00e9tonnant mus\u00e9e et la boutique Un vie, un chef d\u2019\u0153uvre : celui d\u2019Annick Le Lann et son village.B\u00e2ti pierre \u00e0 pierre pendant des ann\u00e9es, il repr\u00e9sente les sc\u00e8nes de la vie du XVI\u00e8me si\u00e8cle dans cette Bretagne de l\u00e9gendes. De plus, de nombreux th\u00e8mes sous vitrine repr\u00e9sentent les objets de divers m\u00e9tiers des XIX\u00e8me et XX\u00e8me si\u00e8cle : unique et<\/p>\n","protected":false},"author":1,"featured_media":0,"parent":0,"menu_order":0,"comment_status":"closed","ping_status":"closed","template":"","meta":[],"_links":{"self":[{"href":"https:\/\/youdig.fr\/wdp\/wp-json\/wp\/v2\/pages\/1178"}],"collection":[{"href":"https:\/\/youdig.fr\/wdp\/wp-json\/wp\/v2\/pages"}],"about":[{"href":"https:\/\/youdig.fr\/wdp\/wp-json\/wp\/v2\/types\/page"}],"author":[{"embeddable":true,"href":"https:\/\/youdig.fr\/wdp\/wp-json\/wp\/v2\/users\/1"}],"replies":[{"embeddable":true,"href":"https:\/\/youdig.fr\/wdp\/wp-json\/wp\/v2\/comments?post=1178"}],"version-history":[{"count":44,"href":"https:\/\/youdig.fr\/wdp\/wp-json\/wp\/v2\/pages\/1178\/revisions"}],"predecessor-version":[{"id":4408,"href":"https:\/\/youdig.fr\/wdp\/wp-json\/wp\/v2\/pages\/1178\/revisions\/4408"}],"wp:attachment":[{"href":"https:\/\/youdig.fr\/wdp\/wp-json\/wp\/v2\/media?parent=1178"}],"curies":[{"name":"wp","href":"https:\/\/api.w.org\/{rel}","templated":true}]}}