{"id":1429,"date":"2016-07-17T07:05:12","date_gmt":"2016-07-17T06:05:12","guid":{"rendered":"https:\/\/youdig.fr\/wdp\/?page_id=1429"},"modified":"2022-10-26T22:16:22","modified_gmt":"2022-10-26T21:16:22","slug":"animations","status":"publish","type":"page","link":"https:\/\/youdig.fr\/wdp\/animations\/","title":{"rendered":"Activit\u00e9s"},"content":{"rendered":"\n<div class=\"wp-block-media-text alignwide is-stacked-on-mobile\" style=\"grid-template-columns:27% auto\"><figure class=\"wp-block-media-text__media\"><img loading=\"lazy\" width=\"160\" height=\"229\" src=\"https:\/\/youdig.fr\/wdp\/wp-content\/uploads\/2022\/10\/klaud-korriganologue-et-legendoth\u00e9rapeute.jpg\" alt=\"\" class=\"wp-image-3877\"\/><\/figure><div class=\"wp-block-media-text__content\">\n<h4>DEPAYSEMENT GARANTI!<br><br><\/h4>\n\n\n\n<ul><li><a href=\"https:\/\/youdig.fr\/wdp\/groupesfamilles\/Une-journee-au-youdig\/\">Une journ\u00e9e au Youdig<\/a><\/li><li><a href=\"https:\/\/youdig.fr\/wdp\/animations\/soirees-contes\/\">Soir\u00e9es contes<\/a><\/li><li><a href=\"https:\/\/youdig.fr\/wdp\/animations\/les-stages\/\">Les stages de radiesth\u00e9sie<\/a><\/li><li><a href=\"https:\/\/youdig.fr\/wdp\/week-end\/\">Id\u00e9es week-end<\/a><\/li><li><a href=\"https:\/\/youdig.fr\/wdp\/animations\/circuits-de-rando\/\">Les circuits de rando<\/a><\/li><\/ul>\n<\/div><\/div>\n","protected":false},"excerpt":{"rendered":"<p>DEPAYSEMENT GARANTI! Une journ\u00e9e au Youdig Soir\u00e9es contes Les stages de radiesth\u00e9sie Id\u00e9es week-end Les circuits de rando<\/p>\n","protected":false},"author":1,"featured_media":0,"parent":0,"menu_order":0,"comment_status":"closed","ping_status":"closed","template":"","meta":[],"_links":{"self":[{"href":"https:\/\/youdig.fr\/wdp\/wp-json\/wp\/v2\/pages\/1429"}],"collection":[{"href":"https:\/\/youdig.fr\/wdp\/wp-json\/wp\/v2\/pages"}],"about":[{"href":"https:\/\/youdig.fr\/wdp\/wp-json\/wp\/v2\/types\/page"}],"author":[{"embeddable":true,"href":"https:\/\/youdig.fr\/wdp\/wp-json\/wp\/v2\/users\/1"}],"replies":[{"embeddable":true,"href":"https:\/\/youdig.fr\/wdp\/wp-json\/wp\/v2\/comments?post=1429"}],"version-history":[{"count":16,"href":"https:\/\/youdig.fr\/wdp\/wp-json\/wp\/v2\/pages\/1429\/revisions"}],"predecessor-version":[{"id":4559,"href":"https:\/\/youdig.fr\/wdp\/wp-json\/wp\/v2\/pages\/1429\/revisions\/4559"}],"wp:attachment":[{"href":"https:\/\/youdig.fr\/wdp\/wp-json\/wp\/v2\/media?parent=1429"}],"curies":[{"name":"wp","href":"https:\/\/api.w.org\/{rel}","templated":true}]}}