{"id":1966,"date":"2016-07-20T18:32:06","date_gmt":"2016-07-20T17:32:06","guid":{"rendered":"https:\/\/youdig.fr\/wdp\/?page_id=1966"},"modified":"2022-10-30T13:15:00","modified_gmt":"2022-10-30T12:15:00","slug":"le-mini-gite-hortensia","status":"publish","type":"page","link":"https:\/\/youdig.fr\/wdp\/hebergements\/gites-de-caractere\/le-mini-gite-hortensia\/","title":{"rendered":"Loft Hortensia"},"content":{"rendered":"\n<style type=\"text\/css\">.easingslider-2510 { max-width: 640px; }.easingslider-2510 .easingslider-image { max-height: 400px; max-width: 640px; }.easingslider-2510 .easingslider-fade-in, .easingslider-fade-out { -webkit-animation-duration: 400ms; -moz-animation-duration: 400ms; animation-duration: 400ms; }<\/style><script type=\"text\/javascript\">window.EasingSlider2510 = {\"width\":640,\"height\":400,\"singleItem\":true,\"items\":1,\"itemsDesktop\":false,\"itemsDesktopSmall\":false,\"itemsTablet\":false,\"itemsTabletSmall\":false,\"itemsMobile\":false,\"responsive\":true,\"lazyLoad\":true,\"autoPlay\":4000,\"slideSpeed\":400,\"navigation\":true,\"navigationText\":[\"\",\"\"],\"pagination\":true,\"autoHeight\":false,\"mouseDrag\":false,\"touchDrag\":false,\"addClassActive\":true,\"transitionStyle\":\"fade\"};<\/script><div data-id=\"2510\" class=\"easingslider easingslider-2510 easingslider-container easingslider-resizing-enabled easingslider-aspect-ratio easingslider-arrows-inside easingslider-pagination-inside easingslider-pagination-bottom-center\"><div class=\"easingslider-slide\"><img src=\"https:\/\/youdig.fr\/wdp\/wp-content\/plugins\/easing-slider\/assets\/images\/placeholder-pixel.png\" data-src=\"https:\/\/youdig.fr\/wdp\/wp-content\/uploads\/2016\/07\/hortensia-3-640x400.jpg\" alt=\"\" title=\"\" class=\"easingslider-image easingslider-lazy\" \/><\/div><div class=\"easingslider-slide\"><img src=\"https:\/\/youdig.fr\/wdp\/wp-content\/plugins\/easing-slider\/assets\/images\/placeholder-pixel.png\" data-src=\"https:\/\/youdig.fr\/wdp\/wp-content\/uploads\/2016\/07\/hortensia_1-640x400.jpg\" alt=\"\" title=\"\" class=\"easingslider-image easingslider-lazy\" \/><\/div><div class=\"easingslider-slide\"><img src=\"https:\/\/youdig.fr\/wdp\/wp-content\/plugins\/easing-slider\/assets\/images\/placeholder-pixel.png\" data-src=\"https:\/\/youdig.fr\/wdp\/wp-content\/uploads\/2016\/07\/hortensia_3-640x400.jpg\" alt=\"\" title=\"\" class=\"easingslider-image easingslider-lazy\" \/><\/div><div class=\"easingslider-slide\"><img src=\"https:\/\/youdig.fr\/wdp\/wp-content\/plugins\/easing-slider\/assets\/images\/placeholder-pixel.png\" data-src=\"https:\/\/youdig.fr\/wdp\/wp-content\/uploads\/2016\/07\/hortensia_2-640x400.jpg\" alt=\"\" title=\"\" class=\"easingslider-image easingslider-lazy\" \/><\/div><div class=\"easingslider-slide\"><img src=\"https:\/\/youdig.fr\/wdp\/wp-content\/plugins\/easing-slider\/assets\/images\/placeholder-pixel.png\" data-src=\"https:\/\/youdig.fr\/wdp\/wp-content\/uploads\/2016\/07\/hortensia_4-640x400.jpg\" alt=\"\" title=\"\" class=\"easingslider-image easingslider-lazy\" \/><\/div><div class=\"easingslider-slide\"><img src=\"https:\/\/youdig.fr\/wdp\/wp-content\/plugins\/easing-slider\/assets\/images\/placeholder-pixel.png\" data-src=\"https:\/\/youdig.fr\/wdp\/wp-content\/uploads\/2016\/07\/hortensia-1-640x400.jpg\" alt=\"\" title=\"\" class=\"easingslider-image easingslider-lazy\" \/><\/div><div class=\"easingslider-slide\"><img src=\"https:\/\/youdig.fr\/wdp\/wp-content\/plugins\/easing-slider\/assets\/images\/placeholder-pixel.png\" data-src=\"https:\/\/youdig.fr\/wdp\/wp-content\/uploads\/2016\/07\/hortensia-2-640x400.jpg\" alt=\"\" title=\"\" class=\"easingslider-image easingslider-lazy\" \/><\/div><\/div>\n\n\n\n<p>Dans le plus haut village de Bretagne, au calme, dans le petit hameau de Keranheroff \u00e0 la Feuill\u00e9e, un g\u00eete class\u00e9 G\u00eetes de France <strong>G\u00eetes Ruraux 2 \u00e9pis<\/strong><img loading=\"lazy\" width=\"53\" height=\"28\" class=\"wp-image-4549\" style=\"width: 53px;\" src=\"https:\/\/youdig.fr\/wdp\/wp-content\/uploads\/2022\/10\/2-\u00e9pis-1.png\" alt=\"\"><\/p>\n\n\n\n<p>Une demeure du XVI\u00e8me si\u00e8cle, enti\u00e8rement r\u00e9nov\u00e9e. WIFI<\/p>\n\n\n\n<p>Pour 2 personnes<\/p>\n\n\n\n<p>Renseignements <strong>0298996236<\/strong><\/p>\n\n\n\n<p><a href=\"https:\/\/youdig.fr\/wdp\/hebergements\/\"><strong>voir les autres g\u00eetes<\/strong><\/a><\/p>\n","protected":false},"excerpt":{"rendered":"<p>Dans le plus haut village de Bretagne, au calme, dans le petit hameau de Keranheroff \u00e0 la Feuill\u00e9e, un g\u00eete class\u00e9 G\u00eetes de France G\u00eetes Ruraux 2 \u00e9pis Une demeure du XVI\u00e8me si\u00e8cle, enti\u00e8rement r\u00e9nov\u00e9e. WIFI Pour 2 personnes Renseignements 0298996236 voir les autres g\u00eetes<\/p>\n","protected":false},"author":1,"featured_media":0,"parent":50,"menu_order":0,"comment_status":"closed","ping_status":"closed","template":"","meta":[],"_links":{"self":[{"href":"https:\/\/youdig.fr\/wdp\/wp-json\/wp\/v2\/pages\/1966"}],"collection":[{"href":"https:\/\/youdig.fr\/wdp\/wp-json\/wp\/v2\/pages"}],"about":[{"href":"https:\/\/youdig.fr\/wdp\/wp-json\/wp\/v2\/types\/page"}],"author":[{"embeddable":true,"href":"https:\/\/youdig.fr\/wdp\/wp-json\/wp\/v2\/users\/1"}],"replies":[{"embeddable":true,"href":"https:\/\/youdig.fr\/wdp\/wp-json\/wp\/v2\/comments?post=1966"}],"version-history":[{"count":30,"href":"https:\/\/youdig.fr\/wdp\/wp-json\/wp\/v2\/pages\/1966\/revisions"}],"predecessor-version":[{"id":4816,"href":"https:\/\/youdig.fr\/wdp\/wp-json\/wp\/v2\/pages\/1966\/revisions\/4816"}],"up":[{"embeddable":true,"href":"https:\/\/youdig.fr\/wdp\/wp-json\/wp\/v2\/pages\/50"}],"wp:attachment":[{"href":"https:\/\/youdig.fr\/wdp\/wp-json\/wp\/v2\/media?parent=1966"}],"curies":[{"name":"wp","href":"https:\/\/api.w.org\/{rel}","templated":true}]}}

<style type="text/css">.easingslider-2510 { max-width: 640px; }.easingslider-2510 .easingslider-image { max-height: 400px; max-width: 640px; }.easingslider-2510 .easingslider-fade-in, .easingslider-fade-out { -webkit-animation-duration: 400ms; -moz-animation-duration: 400ms; animation-duration: 400ms; }</style><script type="text/javascript">window.EasingSlider2510 = {"width":640,"height":400,"singleItem":true,"items":1,"itemsDesktop":false,"itemsDesktopSmall":false,"itemsTablet":false,"itemsTabletSmall":false,"itemsMobile":false,"responsive":true,"lazyLoad":true,"autoPlay":4000,"slideSpeed":400,"navigation":true,"navigationText":["",""],"pagination":true,"autoHeight":false,"mouseDrag":false,"touchDrag":false,"addClassActive":true,"transitionStyle":"fade"};</script><div data-id="2510" class="easingslider easingslider-2510 easingslider-container easingslider-resizing-enabled easingslider-aspect-ratio easingslider-arrows-inside easingslider-pagination-inside easingslider-pagination-bottom-center"><div class="easingslider-slide"><img src="https://youdig.fr/wdp/wp-content/plugins/easing-slider/assets/images/placeholder-pixel.png" data-src="https://youdig.fr/wdp/wp-content/uploads/2016/07/hortensia-3-640x400.jpg" alt="" title="" class="easingslider-image easingslider-lazy" /></div><div class="easingslider-slide"><img src="https://youdig.fr/wdp/wp-content/plugins/easing-slider/assets/images/placeholder-pixel.png" data-src="https://youdig.fr/wdp/wp-content/uploads/2016/07/hortensia_1-640x400.jpg" alt="" title="" class="easingslider-image easingslider-lazy" /></div><div class="easingslider-slide"><img src="https://youdig.fr/wdp/wp-content/plugins/easing-slider/assets/images/placeholder-pixel.png" data-src="https://youdig.fr/wdp/wp-content/uploads/2016/07/hortensia_3-640x400.jpg" alt="" title="" class="easingslider-image easingslider-lazy" /></div><div class="easingslider-slide"><img src="https://youdig.fr/wdp/wp-content/plugins/easing-slider/assets/images/placeholder-pixel.png" data-src="https://youdig.fr/wdp/wp-content/uploads/2016/07/hortensia_2-640x400.jpg" alt="" title="" class="easingslider-image easingslider-lazy" /></div><div class="easingslider-slide"><img src="https://youdig.fr/wdp/wp-content/plugins/easing-slider/assets/images/placeholder-pixel.png" data-src="https://youdig.fr/wdp/wp-content/uploads/2016/07/hortensia_4-640x400.jpg" alt="" title="" class="easingslider-image easingslider-lazy" /></div><div class="easingslider-slide"><img src="https://youdig.fr/wdp/wp-content/plugins/easing-slider/assets/images/placeholder-pixel.png" data-src="https://youdig.fr/wdp/wp-content/uploads/2016/07/hortensia-1-640x400.jpg" alt="" title="" class="easingslider-image easingslider-lazy" /></div><div class="easingslider-slide"><img src="https://youdig.fr/wdp/wp-content/plugins/easing-slider/assets/images/placeholder-pixel.png" data-src="https://youdig.fr/wdp/wp-content/uploads/2016/07/hortensia-2-640x400.jpg" alt="" title="" class="easingslider-image easingslider-lazy" /></div></div>



<p>Dans le plus haut village de Bretagne, au calme, dans le petit hameau de Keranheroff à la Feuillée, un gîte classé Gîtes de France <strong>Gîtes Ruraux 2 épis</strong><img loading="lazy" width="53" height="28" class="wp-image-4549" style="width: 53px;" src="https://youdig.fr/wdp/wp-content/uploads/2022/10/2-épis-1.png" alt=""></p>



<p>Une demeure du XVIème siècle, entièrement rénovée. WIFI</p>



<p>Pour 2 personnes</p>



<p>Renseignements <strong>0298996236</strong></p>



<p><a href="https://youdig.fr/wdp/hebergements/"><strong>voir les autres gîtes</strong></a></p>

<p>Dans le plus haut village de Bretagne, au calme, dans le petit hameau de Keranheroff à la Feuillée, un gîte classé Gîtes de France Gîtes Ruraux 2 épis Une demeure du XVIème siècle, entièrement rénovée. WIFI Pour 2 personnes Renseignements 0298996236 voir les autres gîtes</p>
