{"id":23,"date":"2015-07-16T08:04:52","date_gmt":"2015-07-16T07:04:52","guid":{"rendered":"https:\/\/youdig.fr\/wdp\/?page_id=23"},"modified":"2024-02-02T11:28:40","modified_gmt":"2024-02-02T10:28:40","slug":"stages","status":"publish","type":"page","link":"https:\/\/youdig.fr\/wdp\/animations\/les-stages\/stages\/","title":{"rendered":"STAGES 2024"},"content":{"rendered":"\n<div class=\"wp-container-2 wp-block-columns\">\n<div class=\"wp-container-1 wp-block-column\"><\/div>\n<\/div>\n\n\n\n<p><em>Les stages se d\u00e9roulent sur un week-end<\/em><\/p>\n\n\n\n<p><strong>INITIATION A LA RADIESTHESIE<\/strong> (2024)<br><a href=\"https:\/\/youdig.fr\/wdp\/animations\/les-stages\/initiation-a-la-radiesthesie\/\">d\u00e9tails et modalit\u00e9s<\/a><\/p>\n\n\n\n<ul><li>9 et 10 mars<\/li><li>6 et 7 avril<\/li><li>4 et 5 mai<\/li><li>7 et 8 septembre<\/li><li>7 et 8 d\u00e9cembre<\/li><\/ul>\n\n\n\n<p><strong>ARCHITECTURE SACREE ET ENERGIE<\/strong> (2024)<br><a href=\"https:\/\/youdig.fr\/wdp\/animations\/les-stages\/architecture-sacree-et-energie\/\">d\u00e9tails et modalit\u00e9s<\/a><\/p>\n\n\n\n<ul><li>8 et 9 Juin<\/li><\/ul>\n\n\n\n<p><strong>GEOBIOLOGIE<\/strong> (2024)<br><a href=\"https:\/\/youdig.fr\/wdp\/animations\/les-stages\/geobiologie\/\">d\u00e9tails et modalit\u00e9s<\/a><\/p>\n\n\n\n<ul><li>28 et 29 septembre<\/li><\/ul>\n\n\n\n<p><strong><a href=\"https:\/\/youdig.fr\/contact\/inscription-stage\/\" target=\"_blank\" rel=\"noreferrer noopener\">S&rsquo;INSCRIRE<\/a><\/strong><\/p>\n","protected":false},"excerpt":{"rendered":"<p>Les stages se d\u00e9roulent sur un week-end INITIATION A LA RADIESTHESIE (2024)d\u00e9tails et modalit\u00e9s 9 et 10 mars 6 et 7 avril 4 et 5 mai 7 et 8 septembre 7 et 8 d\u00e9cembre ARCHITECTURE SACREE ET ENERGIE (2024)d\u00e9tails et modalit\u00e9s 8 et 9 Juin GEOBIOLOGIE (2024)d\u00e9tails et modalit\u00e9s 28 et 29 septembre S&rsquo;INSCRIRE<\/p>\n","protected":false},"author":1,"featured_media":0,"parent":1181,"menu_order":0,"comment_status":"closed","ping_status":"closed","template":"","meta":[],"_links":{"self":[{"href":"https:\/\/youdig.fr\/wdp\/wp-json\/wp\/v2\/pages\/23"}],"collection":[{"href":"https:\/\/youdig.fr\/wdp\/wp-json\/wp\/v2\/pages"}],"about":[{"href":"https:\/\/youdig.fr\/wdp\/wp-json\/wp\/v2\/types\/page"}],"author":[{"embeddable":true,"href":"https:\/\/youdig.fr\/wdp\/wp-json\/wp\/v2\/users\/1"}],"replies":[{"embeddable":true,"href":"https:\/\/youdig.fr\/wdp\/wp-json\/wp\/v2\/comments?post=23"}],"version-history":[{"count":58,"href":"https:\/\/youdig.fr\/wdp\/wp-json\/wp\/v2\/pages\/23\/revisions"}],"predecessor-version":[{"id":5620,"href":"https:\/\/youdig.fr\/wdp\/wp-json\/wp\/v2\/pages\/23\/revisions\/5620"}],"up":[{"embeddable":true,"href":"https:\/\/youdig.fr\/wdp\/wp-json\/wp\/v2\/pages\/1181"}],"wp:attachment":[{"href":"https:\/\/youdig.fr\/wdp\/wp-json\/wp\/v2\/media?parent=23"}],"curies":[{"name":"wp","href":"https:\/\/api.w.org\/{rel}","templated":true}]}}