{"id":3565,"date":"2021-04-08T09:54:18","date_gmt":"2021-04-08T08:54:18","guid":{"rendered":"https:\/\/youdig.fr\/wdp\/?page_id=3565"},"modified":"2024-05-03T14:09:10","modified_gmt":"2024-05-03T13:09:10","slug":"le-loft-appoteiz","status":"publish","type":"page","link":"https:\/\/youdig.fr\/wdp\/hebergements\/gites-de-caractere\/le-loft-appoteiz\/","title":{"rendered":"Le loft Appoteiz"},"content":{"rendered":"\n<p>Dans l&rsquo;ancienne maison des Hospitaliers, demeure du patrimoine, ce loft est totalement ind\u00e9pendant.<\/p>\n\n\n\n<p>Situ\u00e9 dans un petit hameau \u00e0 La Feuill\u00e9e, le plus haut village de Bretagne.<\/p>\n\n\n\n<p>Kitchenette toute \u00e9quip\u00e9e, coin repas, salon, salle d&rsquo;eau privative. A l&rsquo;\u00e9tage, une chambre lit double. Wifi.<\/p>\n\n\n\n<p>En ext\u00e9rieur, table et chaises de jardin, barbecue.<\/p>\n\n\n\n<p>Pour 2 personnes (1 chambre)<\/p>\n\n\n\n<p><\/p>\n\n\n\n<p class=\"has-very-dark-gray-color has-pale-cyan-blue-background-color has-text-color has-background\">Location en week-end (VSD), en semaine, ou pour un s\u00e9jour de travail.<\/p>\n\n\n\n\n\n\n\n<p>renseignements <strong>0298996236<\/strong><\/p>\n\n\n\n<p><a href=\"https:\/\/youdig.fr\/wdp\/hebergements\/\"><strong>voir les autres g\u00eetes<\/strong><\/a><\/p>\n","protected":false},"excerpt":{"rendered":"<p>Dans l&rsquo;ancienne maison des Hospitaliers, demeure du patrimoine, ce loft est totalement ind\u00e9pendant. Situ\u00e9 dans un petit hameau \u00e0 La Feuill\u00e9e, le plus haut village de Bretagne. Kitchenette toute \u00e9quip\u00e9e, coin repas, salon, salle d&rsquo;eau privative. A l&rsquo;\u00e9tage, une chambre lit double. Wifi. En ext\u00e9rieur, table et chaises de jardin, barbecue. Pour 2 personnes (1 chambre) Location en week-end (VSD),<\/p>\n","protected":false},"author":1,"featured_media":0,"parent":50,"menu_order":0,"comment_status":"closed","ping_status":"closed","template":"","meta":[],"_links":{"self":[{"href":"https:\/\/youdig.fr\/wdp\/wp-json\/wp\/v2\/pages\/3565"}],"collection":[{"href":"https:\/\/youdig.fr\/wdp\/wp-json\/wp\/v2\/pages"}],"about":[{"href":"https:\/\/youdig.fr\/wdp\/wp-json\/wp\/v2\/types\/page"}],"author":[{"embeddable":true,"href":"https:\/\/youdig.fr\/wdp\/wp-json\/wp\/v2\/users\/1"}],"replies":[{"embeddable":true,"href":"https:\/\/youdig.fr\/wdp\/wp-json\/wp\/v2\/comments?post=3565"}],"version-history":[{"count":23,"href":"https:\/\/youdig.fr\/wdp\/wp-json\/wp\/v2\/pages\/3565\/revisions"}],"predecessor-version":[{"id":5834,"href":"https:\/\/youdig.fr\/wdp\/wp-json\/wp\/v2\/pages\/3565\/revisions\/5834"}],"up":[{"embeddable":true,"href":"https:\/\/youdig.fr\/wdp\/wp-json\/wp\/v2\/pages\/50"}],"wp:attachment":[{"href":"https:\/\/youdig.fr\/wdp\/wp-json\/wp\/v2\/media?parent=3565"}],"curies":[{"name":"wp","href":"https:\/\/api.w.org\/{rel}","templated":true}]}}