{"id":362,"date":"2016-07-12T08:11:17","date_gmt":"2016-07-12T07:11:17","guid":{"rendered":"https:\/\/youdig.fr\/wdp\/?page_id=362"},"modified":"2022-10-30T14:49:05","modified_gmt":"2022-10-30T13:49:05","slug":"portes-de-lenfer","status":"publish","type":"page","link":"https:\/\/youdig.fr\/wdp\/en-plus\/portes-de-lenfer\/","title":{"rendered":"Les portes de l&rsquo;enfer"},"content":{"rendered":"\n<div class=\"wp-block-media-text alignwide is-stacked-on-mobile\" style=\"grid-template-columns:20% auto\"><figure class=\"wp-block-media-text__media\"><img loading=\"lazy\" width=\"160\" height=\"229\" src=\"https:\/\/youdig.fr\/wdp\/wp-content\/uploads\/2022\/10\/klaud-korriganologue-et-legendoth\u00e9rapeute.jpg\" alt=\"\" class=\"wp-image-3877 size-full\"\/><\/figure><div class=\"wp-block-media-text__content\">\n<p>C&rsquo;est ici que Klaod AL LANN qui fut un korriganologue et l\u00e9gendoth\u00e9rapeute \u00e9m\u00e9rite, passionn\u00e9 de tradition orale, admirateur d&rsquo;Anatole LE BRAS, s&rsquo;installa avec sa famille en ce lieu.<\/p>\n\n\n\n<p>Venez voyager dans <a href=\"https:\/\/youdig.fr\/wdp\/legendes\/\">l&rsquo;imaginaire<\/a> et le l\u00e9gendaire pour un total d\u00e9paysement. L&rsquo;objectif est aussi de vous sensibiliser aux vibrations qu&rsquo;\u00e9manent des vieux seigneurs armoricains que sont les Monts : Saint Michel, Tuchen Kador et Roc Tr\u00e9v\u00e9zel.<\/p>\n\n\n\n<p>Vous visiterez des sites m\u00e9galithiques sacr\u00e9s et des lieux charg\u00e9s de l\u00e9gendes tel que le Yen Ellez; haut lieu d&rsquo;exorcisme et fief de&nbsp;<a href=\"https:\/\/youdig.fr\/wdp\/legendes\/\">l&rsquo;Ankou<\/a>, incontournable passeur entre le monde des vivants et le monde de l&rsquo;au del\u00e0.<\/p>\n\n\n\n<p>La&nbsp;<a href=\"https:\/\/youdig.fr\/wdp\/animations\/soirees-contes\/\">veill\u00e9e<\/a>&nbsp;anim\u00e9e par nos conteurs locaux sera un excellent moyen pour tester votre capital \u00e0 r\u00eaver!<\/p>\n<\/div><\/div>\n","protected":false},"excerpt":{"rendered":"<p>C&rsquo;est ici que Klaod AL LANN qui fut un korriganologue et l\u00e9gendoth\u00e9rapeute \u00e9m\u00e9rite, passionn\u00e9 de tradition orale, admirateur d&rsquo;Anatole LE BRAS, s&rsquo;installa avec sa famille en ce lieu. Venez voyager dans l&rsquo;imaginaire et le l\u00e9gendaire pour un total d\u00e9paysement. L&rsquo;objectif est aussi de vous sensibiliser aux vibrations qu&rsquo;\u00e9manent des vieux seigneurs armoricains que sont les Monts : Saint Michel, Tuchen<\/p>\n","protected":false},"author":1,"featured_media":0,"parent":1418,"menu_order":0,"comment_status":"closed","ping_status":"closed","template":"","meta":[],"_links":{"self":[{"href":"https:\/\/youdig.fr\/wdp\/wp-json\/wp\/v2\/pages\/362"}],"collection":[{"href":"https:\/\/youdig.fr\/wdp\/wp-json\/wp\/v2\/pages"}],"about":[{"href":"https:\/\/youdig.fr\/wdp\/wp-json\/wp\/v2\/types\/page"}],"author":[{"embeddable":true,"href":"https:\/\/youdig.fr\/wdp\/wp-json\/wp\/v2\/users\/1"}],"replies":[{"embeddable":true,"href":"https:\/\/youdig.fr\/wdp\/wp-json\/wp\/v2\/comments?post=362"}],"version-history":[{"count":15,"href":"https:\/\/youdig.fr\/wdp\/wp-json\/wp\/v2\/pages\/362\/revisions"}],"predecessor-version":[{"id":4617,"href":"https:\/\/youdig.fr\/wdp\/wp-json\/wp\/v2\/pages\/362\/revisions\/4617"}],"up":[{"embeddable":true,"href":"https:\/\/youdig.fr\/wdp\/wp-json\/wp\/v2\/pages\/1418"}],"wp:attachment":[{"href":"https:\/\/youdig.fr\/wdp\/wp-json\/wp\/v2\/media?parent=362"}],"curies":[{"name":"wp","href":"https:\/\/api.w.org\/{rel}","templated":true}]}}