{"id":3934,"date":"2022-10-21T17:12:37","date_gmt":"2022-10-21T16:12:37","guid":{"rendered":"https:\/\/youdig.fr\/wdp\/?page_id=3934"},"modified":"2022-10-30T14:28:32","modified_gmt":"2022-10-30T13:28:32","slug":"week-end","status":"publish","type":"page","link":"https:\/\/youdig.fr\/wdp\/week-end\/","title":{"rendered":"Week end"},"content":{"rendered":"\n<p><strong><font color=\"green\">WEEK END RANDO<\/font><\/strong><\/p>\n\n\n\n<p>Vous recherchez de l&rsquo;air?.. du calme?.. Le Youdig vous propose un week-end <strong>s\u00e9r\u00e9nit\u00e9 <\/strong>en&nbsp;<a rel=\"noreferrer noopener\" href=\"https:\/\/youdig.fr\/wdp\/hebergements\/chambres-dhote\/\" target=\"_blank\"><strong>chambre d&rsquo;h\u00f4te<\/strong><\/a>. Du vendredi soir au dimanche&#8230; Les petits d\u00e9jeuners et les 2 repas du soir \u00e0 l&rsquo;auberge et un parcours sur les&nbsp;<a rel=\"noreferrer noopener\" href=\"https:\/\/youdig.fr\/wdp\/animations\/circuits-de-rando\/\" target=\"_blank\"><strong>circuits de rando<\/strong><\/a>&nbsp;des Monts d&rsquo;Arr\u00e9e.<\/p>\n\n\n\n<p><strong><font color=\"green\">WEEK END PECHE  et LOCATION DE BARQUES<\/font><\/strong><\/p>\n\n\n\n<p>Un week-end p\u00eache en&nbsp;<a rel=\"noreferrer noopener\" href=\"https:\/\/youdig.fr\/wdp\/hebergements\/chambres-dhote\/\" target=\"_blank\"><strong>chambre d&rsquo;h\u00f4te<\/strong><\/a> ou au <strong><a href=\"https:\/\/youdig.fr\/wdp\/hebergements\/gite-de-peche\/\" target=\"_blank\" rel=\"noreferrer noopener\">g\u00eete du lac<\/a><\/strong><br>Du vendredi soir au dimanche&#8230;sur le lac Saint Michel :<\/p>\n\n\n\n<ul><li>Les petits d\u00e9jeuners et les 2 repas du soir \u00e0 l&rsquo;auberge.<\/li><li>D\u00e9livrance de la carte de p\u00eache.<\/li><li>Location d&rsquo;un&nbsp;bateau.<\/li><li>Le mat\u00e9riel de p\u00eache.<\/li><li>Le guidage (optionnel, si vous \u00eates d\u00e9butant).<\/li><\/ul>\n\n\n\n<div class=\"wp-block-media-text alignwide is-stacked-on-mobile\"><figure class=\"wp-block-media-text__media\"><img loading=\"lazy\" width=\"300\" height=\"167\" src=\"https:\/\/youdig.fr\/wdp\/wp-content\/uploads\/2022\/10\/SEB-BARQUES.jpg\" alt=\"lac de brennilis\" class=\"wp-image-3913 size-full\"\/><\/figure><div class=\"wp-block-media-text__content\">\n<p><a href=\"http:\/\/www.letelegramme.fr\/finistere\/brennilis\/peche-un-label-et-deux-nouvelles-barques-pour-le-lac-saint-michel-15-03-2016-10993231.php#5SGrFVgteUsj3vgj.99\" target=\"_blank\" rel=\"noreferrer noopener\">Quotidien Le T\u00e9l\u00e9gramme du 15 mars 2016<\/a><\/p>\n\n\n\n<p>Les deux nouvelles barques en aluminium de la Fede 29 sont disponibles \u00e0 la location sur le lac Saint-Michel \u00e0 Brennilis. R\u00e9servations aupr\u00e8s de Seb \u00e0 l&rsquo;auberge <strong>0298996236<\/strong><\/p>\n<\/div><\/div>\n","protected":false},"excerpt":{"rendered":"<p>WEEK END RANDO Vous recherchez de l&rsquo;air?.. du calme?.. Le Youdig vous propose un week-end s\u00e9r\u00e9nit\u00e9 en&nbsp;chambre d&rsquo;h\u00f4te. Du vendredi soir au dimanche&#8230; Les petits d\u00e9jeuners et les 2 repas du soir \u00e0 l&rsquo;auberge et un parcours sur les&nbsp;circuits de rando&nbsp;des Monts d&rsquo;Arr\u00e9e. WEEK END PECHE et LOCATION DE BARQUES Un week-end p\u00eache en&nbsp;chambre d&rsquo;h\u00f4te ou au g\u00eete du lacDu<\/p>\n","protected":false},"author":1,"featured_media":0,"parent":0,"menu_order":0,"comment_status":"closed","ping_status":"closed","template":"","meta":[],"_links":{"self":[{"href":"https:\/\/youdig.fr\/wdp\/wp-json\/wp\/v2\/pages\/3934"}],"collection":[{"href":"https:\/\/youdig.fr\/wdp\/wp-json\/wp\/v2\/pages"}],"about":[{"href":"https:\/\/youdig.fr\/wdp\/wp-json\/wp\/v2\/types\/page"}],"author":[{"embeddable":true,"href":"https:\/\/youdig.fr\/wdp\/wp-json\/wp\/v2\/users\/1"}],"replies":[{"embeddable":true,"href":"https:\/\/youdig.fr\/wdp\/wp-json\/wp\/v2\/comments?post=3934"}],"version-history":[{"count":34,"href":"https:\/\/youdig.fr\/wdp\/wp-json\/wp\/v2\/pages\/3934\/revisions"}],"predecessor-version":[{"id":4837,"href":"https:\/\/youdig.fr\/wdp\/wp-json\/wp\/v2\/pages\/3934\/revisions\/4837"}],"wp:attachment":[{"href":"https:\/\/youdig.fr\/wdp\/wp-json\/wp\/v2\/media?parent=3934"}],"curies":[{"name":"wp","href":"https:\/\/api.w.org\/{rel}","templated":true}]}}