{"id":4819,"date":"2022-10-30T13:22:00","date_gmt":"2022-10-30T12:22:00","guid":{"rendered":"https:\/\/youdig.fr\/wdp\/?page_id=4819"},"modified":"2022-10-30T14:47:06","modified_gmt":"2022-10-30T13:47:06","slug":"le-lac-de-brennilis","status":"publish","type":"page","link":"https:\/\/youdig.fr\/wdp\/en-plus\/le-lac-de-brennilis\/","title":{"rendered":"Le lac de Brennilis"},"content":{"rendered":"\n<div class=\"wp-block-media-text alignwide is-stacked-on-mobile\"><figure class=\"wp-block-media-text__media\"><a href=\"https:\/\/youdig.fr\/wdp\/wp-content\/uploads\/2022\/10\/lac-saint-michel-2.jpg\"><img loading=\"lazy\" width=\"800\" height=\"531\" src=\"https:\/\/youdig.fr\/wdp\/wp-content\/uploads\/2022\/10\/lac-saint-michel-2.jpg\" alt=\"\" class=\"wp-image-4820 size-full\" srcset=\"https:\/\/youdig.fr\/wdp\/wp-content\/uploads\/2022\/10\/lac-saint-michel-2.jpg 800w, https:\/\/youdig.fr\/wdp\/wp-content\/uploads\/2022\/10\/lac-saint-michel-2-300x199.jpg 300w, https:\/\/youdig.fr\/wdp\/wp-content\/uploads\/2022\/10\/lac-saint-michel-2-768x510.jpg 768w\" sizes=\"(max-width: 800px) 100vw, 800px\" \/><\/a><\/figure><div class=\"wp-block-media-text__content\">\n<p><em>L\u2019environnement sauvage au pied de la montagne Saint Michel ainsi que les zones de tourbi\u00e8res lui donnent un aspect de lac irlandais.<\/em><\/p>\n\n\n\n<p><em>Avec ses 480 Ha de superficie pour 7 m\u00e8tres de profondeur, le lac de Brennilis est un vrai paradis pour les p\u00eacheurs.<\/em><\/p>\n<\/div><\/div>\n\n\n\n<p><\/p>\n\n\n\n<p>Le cheptel de brochets y est tr\u00e8s important avec des sujets de belle taille et des individus d\u00e9passant all\u00e8grement le m\u00e8tre. Quant aux truites, il s\u2019agit \u00e0 la fois de farios de souche, d\u2019arc-en-ciel introduites dont certaines atteignent plusieurs kilos.<\/p>\n\n\n\n<p>Le lac se pr\u00eate merveilleusement bien \u00e0 la p\u00eache aux leurres de surface ou \u00e0 la mouche, seules techniques d\u2019ailleurs praticables par eaux basses dans les anses et pr\u00e8s des tourbi\u00e8res. Si la p\u00eache du bord est possible sur quelques secteurs (waders conseill\u00e9s et ne vous aventurez pas sur les anciennes tourbi\u00e8res !), <a href=\"https:\/\/youdig.fr\/wdp\/week-end\/\"><strong>la p\u00eache en barque<\/strong><\/a> est fortement conseill\u00e9e pour profiter au mieux des nombreuses criques inaccessibles.<\/p>\n\n\n\n<p>Le Youdig propose un week-end p\u00eache en&nbsp;<a rel=\"noreferrer noopener\" href=\"https:\/\/youdig.fr\/wdp\/hebergements\/chambres-dhote\/\" target=\"_blank\"><strong>chambre d&rsquo;h\u00f4te<\/strong><\/a> ou au <strong><a rel=\"noreferrer noopener\" href=\"https:\/\/youdig.fr\/wdp\/hebergements\/gite-de-peche\/\" target=\"_blank\">g\u00eete du lac<\/a><\/strong><br>Du vendredi soir au dimanche&#8230;sur le lac Saint Michel :<\/p>\n\n\n\n<ul><li>Les petits d\u00e9jeuners et les 2 repas du soir \u00e0 l&rsquo;auberge.<\/li><li>D\u00e9livrance de la carte de p\u00eache.<\/li><li>Location d&rsquo;un&nbsp;bateau.<\/li><li>Le mat\u00e9riel de p\u00eache.<\/li><li>Le guidage (optionnel, si vous \u00eates d\u00e9butant).<\/li><\/ul>\n\n\n\n<p> <\/p>\n","protected":false},"excerpt":{"rendered":"<p>L\u2019environnement sauvage au pied de la montagne Saint Michel ainsi que les zones de tourbi\u00e8res lui donnent un aspect de lac irlandais. Avec ses 480 Ha de superficie pour 7 m\u00e8tres de profondeur, le lac de Brennilis est un vrai paradis pour les p\u00eacheurs. Le cheptel de brochets y est tr\u00e8s important avec des sujets de belle taille et des<\/p>\n","protected":false},"author":1,"featured_media":0,"parent":1418,"menu_order":0,"comment_status":"closed","ping_status":"closed","template":"","meta":[],"_links":{"self":[{"href":"https:\/\/youdig.fr\/wdp\/wp-json\/wp\/v2\/pages\/4819"}],"collection":[{"href":"https:\/\/youdig.fr\/wdp\/wp-json\/wp\/v2\/pages"}],"about":[{"href":"https:\/\/youdig.fr\/wdp\/wp-json\/wp\/v2\/types\/page"}],"author":[{"embeddable":true,"href":"https:\/\/youdig.fr\/wdp\/wp-json\/wp\/v2\/users\/1"}],"replies":[{"embeddable":true,"href":"https:\/\/youdig.fr\/wdp\/wp-json\/wp\/v2\/comments?post=4819"}],"version-history":[{"count":11,"href":"https:\/\/youdig.fr\/wdp\/wp-json\/wp\/v2\/pages\/4819\/revisions"}],"predecessor-version":[{"id":4838,"href":"https:\/\/youdig.fr\/wdp\/wp-json\/wp\/v2\/pages\/4819\/revisions\/4838"}],"up":[{"embeddable":true,"href":"https:\/\/youdig.fr\/wdp\/wp-json\/wp\/v2\/pages\/1418"}],"wp:attachment":[{"href":"https:\/\/youdig.fr\/wdp\/wp-json\/wp\/v2\/media?parent=4819"}],"curies":[{"name":"wp","href":"https:\/\/api.w.org\/{rel}","templated":true}]}}