{"id":83,"date":"2015-07-16T09:48:57","date_gmt":"2015-07-16T08:48:57","guid":{"rendered":"https:\/\/youdig.fr\/wdp\/?page_id=83"},"modified":"2022-10-30T14:46:13","modified_gmt":"2022-10-30T13:46:13","slug":"legendes","status":"publish","type":"page","link":"https:\/\/youdig.fr\/wdp\/en-plus\/legendes\/","title":{"rendered":"l\u00e9gendes du youdig"},"content":{"rendered":"\n<div class=\"wp-block-media-text alignwide is-stacked-on-mobile\"><figure class=\"wp-block-media-text__media\"><a href=\"https:\/\/youdig.fr\/wdp\/wp-content\/uploads\/2022\/10\/LANKOU.jpg\"><img loading=\"lazy\" width=\"292\" height=\"200\" src=\"https:\/\/youdig.fr\/wdp\/wp-content\/uploads\/2022\/10\/LANKOU.jpg\" alt=\"\" class=\"wp-image-3869 size-full\"\/><\/a><\/figure><div class=\"wp-block-media-text__content\">\n<p>Vous \u00eates dans les monts d&rsquo;Arr\u00e9e, \u00e0 l&rsquo;endroit des portes du pays de la Mort, o\u00f9 la puissance de Dieu ne s&rsquo;exerce qu&rsquo;\u00e0 peine. L&rsquo;inqui\u00e9tude de la Mort r\u00e8gne sur cette r\u00e9gion plus que partout ailleurs en Bretagne&#8230;Et pour cause : on peut la rencontrer en personne&#8230;<\/p>\n<\/div><\/div>\n\n\n\n<div class=\"wp-block-media-text alignwide is-stacked-on-mobile\"><figure class=\"wp-block-media-text__media\"><a href=\"https:\/\/youdig.fr\/wdp\/wp-content\/uploads\/2022\/10\/YEUN-ELEZ.jpg\"><img loading=\"lazy\" width=\"300\" height=\"200\" src=\"https:\/\/youdig.fr\/wdp\/wp-content\/uploads\/2022\/10\/YEUN-ELEZ.jpg\" alt=\"\" class=\"wp-image-3870 size-full\"\/><\/a><\/figure><div class=\"wp-block-media-text__content\">\n<p><strong>LE YEUN ELEZ<\/strong>\n\nLe yeun Elez est un des berceaux du l\u00e9gendaire breton, entre le monde des vivants et le monde de l&rsquo;au-del\u00e0 des celtes&#8230;le monde du jour et de la nuit&#8230;les portes de l&rsquo;Enfer des chr\u00e9tiens (\u00ab\u00a0Youdig\u00a0\u00bb en breton)&#8230;\nC&rsquo;est dans ce \u00ab\u00a0Yeun Ellez\u00a0\u00bb que l&rsquo;on peut rencontrer tous ces personnages qui peuplaient nos veill\u00e9es d&rsquo;antan : l&rsquo;Ankou, les Korrigans, les Lavandi\u00e8res, le Diable, les Saints, les F\u00e9es et autres personnages qui aidaient \u00e0 entretenir le culte de l&rsquo;\u00e2me&#8230;<\/p>\n<\/div><\/div>\n\n\n\n<div class=\"wp-block-media-text alignwide is-stacked-on-mobile\"><figure class=\"wp-block-media-text__media\"><a href=\"https:\/\/youdig.fr\/wdp\/wp-content\/uploads\/2022\/10\/LAVANDIERES.jpg\"><img loading=\"lazy\" width=\"300\" height=\"146\" src=\"https:\/\/youdig.fr\/wdp\/wp-content\/uploads\/2022\/10\/LAVANDIERES.jpg\" alt=\"\" class=\"wp-image-3871 size-full\"\/><\/a><\/figure><div class=\"wp-block-media-text__content\">\n<p><strong>Les lavandi\u00e8res de la nuit<\/strong>\nC&rsquo;est dans cette r\u00e9gion sauvage des monts d&rsquo;Arr\u00e9e que l&rsquo;on risque le plus souvent de rencontrer les Kannerezed noz, les \u00ab\u00a0lavandi\u00e8res de la nuit\u00a0\u00bb. Entre le coucher et le lever du soleil, ces femmes, grandes et maigres, viennent dans les lavoirs de ce monde faire les lessives des suaires.<\/p>\n<\/div><\/div>\n\n\n\n<div class=\"wp-block-media-text alignwide is-stacked-on-mobile\"><figure class=\"wp-block-media-text__media\"><a href=\"https:\/\/youdig.fr\/wdp\/wp-content\/uploads\/2022\/10\/FEUX-FOLLETS.jpg\"><img loading=\"lazy\" width=\"300\" height=\"225\" src=\"https:\/\/youdig.fr\/wdp\/wp-content\/uploads\/2022\/10\/FEUX-FOLLETS.jpg\" alt=\"\" class=\"wp-image-3872 size-full\"\/><\/a><\/figure><div class=\"wp-block-media-text__content\">\n<p><strong>Les feux follets et les f\u00e9es d&rsquo;au<\/strong>\nParfois, les feux follets courent entre les haies, incendiant ici un arbre, et l\u00e0 un village ; d&rsquo;autres fois encore, les f\u00e9es d&rsquo;eau glissent doucement sous la lune et viennent danser deux par deux autour du menhir de Roc&rsquo;h Bras. Un tr\u00e9sor y est cach\u00e9&#8230;<\/p>\n<\/div><\/div>\n\n\n\n<div class=\"wp-block-media-text alignwide is-stacked-on-mobile\"><figure class=\"wp-block-media-text__media\"><a href=\"https:\/\/youdig.fr\/wdp\/wp-content\/uploads\/2022\/10\/AN-EURED-VEN.jpg\"><img loading=\"lazy\" width=\"300\" height=\"189\" src=\"https:\/\/youdig.fr\/wdp\/wp-content\/uploads\/2022\/10\/AN-EURED-VEN.jpg\" alt=\"\" class=\"wp-image-3873 size-full\"\/><\/a><\/figure><div class=\"wp-block-media-text__content\">\n<p><strong>An Eured Ven<\/strong>\nPr\u00e8s du Mont St Michel de Braspart, la l\u00e9gende raconte qu&rsquo;un pr\u00eatre portant le Viatique \u00e0 un moribond rencontra une noce. Cette noce un peu sao\u00fble se mit \u00e0 rire du cur\u00e9&#8230;Mil Malloz !! \u00e0 l&rsquo;instant le cort\u00e8ge f\u00fbt chang\u00e9 en pierres, d&rsquo;ou le nom de \u00ab\u00a0mariage de pierres\u00a0\u00bb (Eured-ven)<\/p>\n<\/div><\/div>\n\n\n\n<p><strong>Un \u00e9trange rituel de conjuration<\/strong><br>On se rendait jadis \u00e0 des fins tr\u00e8s pr\u00e9cises au Youdig, le gouffre m\u00eame ou b\u00e9e l&rsquo;enfer, et qui \u00e9tait (s&rsquo;il ne l&rsquo;est toujours) le lieu d&rsquo;un p\u00e9lerinage absolument en marge des pardons christianis\u00e9s. Il arrivait, croyait-on, que l&rsquo;on soit poursuivi par la haine de certains damn\u00e9s. Rien n&rsquo;est plus difficile que de s&rsquo;en d\u00e9barrasser et d&rsquo;\u00e9viter leurs pi\u00e8ges.<br>Le seul rem\u00e8de consiste \u00e0 se rendre au marais en compagnie d&rsquo;une personne vers\u00e9e dans la pratique des exorcismes majeurs&#8230;.<\/p>\n\n\n\n<p><strong>Homme noir et homme blanc<\/strong><br>Par les chemins du marais, passent souvent aussi l&rsquo;homme noir et son chien : ils pr\u00e9sagent la temp\u00eate et le d\u00e9chainement des forces surnaturelles sur les portes de l&rsquo;Enfer. On entend alors les \u00e2mes dans le vent et la nature enti\u00e8re exprimer leurs plaintes. Ceux qui les ont amen\u00e9es ici, ce sont les hommes blancs, les pourvoyeurs du monde d&rsquo;en bas&#8230;.<\/p>\n","protected":false},"excerpt":{"rendered":"<p>Vous \u00eates dans les monts d&rsquo;Arr\u00e9e, \u00e0 l&rsquo;endroit des portes du pays de la Mort, o\u00f9 la puissance de Dieu ne s&rsquo;exerce qu&rsquo;\u00e0 peine. L&rsquo;inqui\u00e9tude de la Mort r\u00e8gne sur cette r\u00e9gion plus que partout ailleurs en Bretagne&#8230;Et pour cause : on peut la rencontrer en personne&#8230; LE YEUN ELEZ Le yeun Elez est un des berceaux du l\u00e9gendaire breton,<\/p>\n","protected":false},"author":1,"featured_media":0,"parent":1418,"menu_order":0,"comment_status":"closed","ping_status":"closed","template":"","meta":[],"_links":{"self":[{"href":"https:\/\/youdig.fr\/wdp\/wp-json\/wp\/v2\/pages\/83"}],"collection":[{"href":"https:\/\/youdig.fr\/wdp\/wp-json\/wp\/v2\/pages"}],"about":[{"href":"https:\/\/youdig.fr\/wdp\/wp-json\/wp\/v2\/types\/page"}],"author":[{"embeddable":true,"href":"https:\/\/youdig.fr\/wdp\/wp-json\/wp\/v2\/users\/1"}],"replies":[{"embeddable":true,"href":"https:\/\/youdig.fr\/wdp\/wp-json\/wp\/v2\/comments?post=83"}],"version-history":[{"count":12,"href":"https:\/\/youdig.fr\/wdp\/wp-json\/wp\/v2\/pages\/83\/revisions"}],"predecessor-version":[{"id":4607,"href":"https:\/\/youdig.fr\/wdp\/wp-json\/wp\/v2\/pages\/83\/revisions\/4607"}],"up":[{"embeddable":true,"href":"https:\/\/youdig.fr\/wdp\/wp-json\/wp\/v2\/pages\/1418"}],"wp:attachment":[{"href":"https:\/\/youdig.fr\/wdp\/wp-json\/wp\/v2\/media?parent=83"}],"curies":[{"name":"wp","href":"https:\/\/api.w.org\/{rel}","templated":true}]}}

légendes du youdig

<div class="wp-block-media-text alignwide is-stacked-on-mobile"><figure class="wp-block-media-text__media"><a href="https://youdig.fr/wdp/wp-content/uploads/2022/10/LANKOU.jpg"><img loading="lazy" width="292" height="200" src="https://youdig.fr/wdp/wp-content/uploads/2022/10/LANKOU.jpg" alt="" class="wp-image-3869 size-full"/></a></figure><div class="wp-block-media-text__content">
<p>Vous êtes dans les monts d&rsquo;Arrée, à l&rsquo;endroit des portes du pays de la Mort, où la puissance de Dieu ne s&rsquo;exerce qu&rsquo;à peine. L&rsquo;inquiétude de la Mort règne sur cette région plus que partout ailleurs en Bretagne&#8230;Et pour cause : on peut la rencontrer en personne&#8230;</p>
</div></div>



<div class="wp-block-media-text alignwide is-stacked-on-mobile"><figure class="wp-block-media-text__media"><a href="https://youdig.fr/wdp/wp-content/uploads/2022/10/YEUN-ELEZ.jpg"><img loading="lazy" width="300" height="200" src="https://youdig.fr/wdp/wp-content/uploads/2022/10/YEUN-ELEZ.jpg" alt="" class="wp-image-3870 size-full"/></a></figure><div class="wp-block-media-text__content">
<p><strong>LE YEUN ELEZ</strong>

Le yeun Elez est un des berceaux du légendaire breton, entre le monde des vivants et le monde de l&rsquo;au-delà des celtes&#8230;le monde du jour et de la nuit&#8230;les portes de l&rsquo;Enfer des chrétiens (« Youdig » en breton)&#8230;
C&rsquo;est dans ce « Yeun Ellez » que l&rsquo;on peut rencontrer tous ces personnages qui peuplaient nos veillées d&rsquo;antan : l&rsquo;Ankou, les Korrigans, les Lavandières, le Diable, les Saints, les Fées et autres personnages qui aidaient à entretenir le culte de l&rsquo;âme&#8230;</p>
</div></div>



<div class="wp-block-media-text alignwide is-stacked-on-mobile"><figure class="wp-block-media-text__media"><a href="https://youdig.fr/wdp/wp-content/uploads/2022/10/LAVANDIERES.jpg"><img loading="lazy" width="300" height="146" src="https://youdig.fr/wdp/wp-content/uploads/2022/10/LAVANDIERES.jpg" alt="" class="wp-image-3871 size-full"/></a></figure><div class="wp-block-media-text__content">
<p><strong>Les lavandières de la nuit</strong>
C&rsquo;est dans cette région sauvage des monts d&rsquo;Arrée que l&rsquo;on risque le plus souvent de rencontrer les Kannerezed noz, les « lavandières de la nuit ». Entre le coucher et le lever du soleil, ces femmes, grandes et maigres, viennent dans les lavoirs de ce monde faire les lessives des suaires.</p>
</div></div>



<div class="wp-block-media-text alignwide is-stacked-on-mobile"><figure class="wp-block-media-text__media"><a href="https://youdig.fr/wdp/wp-content/uploads/2022/10/FEUX-FOLLETS.jpg"><img loading="lazy" width="300" height="225" src="https://youdig.fr/wdp/wp-content/uploads/2022/10/FEUX-FOLLETS.jpg" alt="" class="wp-image-3872 size-full"/></a></figure><div class="wp-block-media-text__content">
<p><strong>Les feux follets et les fées d&rsquo;au</strong>
Parfois, les feux follets courent entre les haies, incendiant ici un arbre, et là un village ; d&rsquo;autres fois encore, les fées d&rsquo;eau glissent doucement sous la lune et viennent danser deux par deux autour du menhir de Roc&rsquo;h Bras. Un trésor y est caché&#8230;</p>
</div></div>



<div class="wp-block-media-text alignwide is-stacked-on-mobile"><figure class="wp-block-media-text__media"><a href="https://youdig.fr/wdp/wp-content/uploads/2022/10/AN-EURED-VEN.jpg"><img loading="lazy" width="300" height="189" src="https://youdig.fr/wdp/wp-content/uploads/2022/10/AN-EURED-VEN.jpg" alt="" class="wp-image-3873 size-full"/></a></figure><div class="wp-block-media-text__content">
<p><strong>An Eured Ven</strong>
Près du Mont St Michel de Braspart, la légende raconte qu&rsquo;un prêtre portant le Viatique à un moribond rencontra une noce. Cette noce un peu saoûle se mit à rire du curé&#8230;Mil Malloz !! à l&rsquo;instant le cortège fût changé en pierres, d&rsquo;ou le nom de « mariage de pierres » (Eured-ven)</p>
</div></div>



<p><strong>Un étrange rituel de conjuration</strong><br>On se rendait jadis à des fins très précises au Youdig, le gouffre même ou bée l&rsquo;enfer, et qui était (s&rsquo;il ne l&rsquo;est toujours) le lieu d&rsquo;un pélerinage absolument en marge des pardons christianisés. Il arrivait, croyait-on, que l&rsquo;on soit poursuivi par la haine de certains damnés. Rien n&rsquo;est plus difficile que de s&rsquo;en débarrasser et d&rsquo;éviter leurs pièges.<br>Le seul remède consiste à se rendre au marais en compagnie d&rsquo;une personne versée dans la pratique des exorcismes majeurs&#8230;.</p>



<p><strong>Homme noir et homme blanc</strong><br>Par les chemins du marais, passent souvent aussi l&rsquo;homme noir et son chien : ils présagent la tempête et le déchainement des forces surnaturelles sur les portes de l&rsquo;Enfer. On entend alors les âmes dans le vent et la nature entière exprimer leurs plaintes. Ceux qui les ont amenées ici, ce sont les hommes blancs, les pourvoyeurs du monde d&rsquo;en bas&#8230;.</p>

<p>Vous êtes dans les monts d&rsquo;Arrée, à l&rsquo;endroit des portes du pays de la Mort, où la puissance de Dieu ne s&rsquo;exerce qu&rsquo;à peine. L&rsquo;inquiétude de la Mort règne sur cette région plus que partout ailleurs en Bretagne&#8230;Et pour cause : on peut la rencontrer en personne&#8230; LE YEUN ELEZ Le yeun Elez est un des berceaux du légendaire breton,</p>
